ivided by 189?
185
Calculate the remainder when 960368 is divided by 7562.
7556
What is the remainder when 1287 is divided by 559?
169
Calculate the remainder when 320423452 is divided by 985.
982
What is the remainder when 2466076 is divided by 2427?
244
Calculate the remainder when 3139019 is divided by 6107.
21
Calculate the remainder when 34895101 is divided by 63.
31
What is the remainder when 363626 is divided by 72721?
21
What is the remainder when 169412524 is divided by 8651?
8642
Calculate the remainder when 3303443 is divided by 6439.
236
Calculate the remainder when 104838 is divided by 1107.
780
What is the remainder when 84332 is divided by 3514?
3510
Calculate the remainder when 864142 is divided by 216016.
78
What is the remainder when 2188468 is divided by 2188448?
20
Calculate the remainder when 40751 is divided by 5758.
445
What is the remainder when 21855969 is divided by 23?
12
Calculate the remainder when 53003338 is divided by 13.
11
What is the remainder when 279168 is divided by 91740?
3948
What is the remainder when 55998909 is divided by 96?
93
What is the remainder when 2955936 is divided by 369403?
712
What is the remainder when 502188 is divided by 10?
8
Calculate the remainder when 29313236 is divided by 2898.
2864
What is the remainder when 31332 is divided by 3344?
1236
Calculate the remainder when 6701312 is divided by 746.
740
What is the remainder when 326841 is divided by 108933?
42
Calculate the remainder when 97627366 is divided by 758.
756
What is the remainder when 20812872 is divided by 6937620?
12
What is the remainder when 46885239 is divided by 5657?
23
Calculate the remainder when 800178 is divided by 7019.
12
Calculate the remainder when 5229869 is divided by 7224.
6917
Calculate the remainder when 4477778 is divided by 127.
12
Calculate the remainder when 808836 is divided by 284.
4
What is the remainder when 861149 is divided by 684?
677
What is the remainder when 84573 is divided by 1316?
349
What is the remainder when 109502 is divided by 2245?
1742
What is the remainder when 6575155 is divided by 14?
13
Calculate the remainder when 131296455 is divided by 281752.
23
Calculate the remainder when 45458260 is divided by 20.
0
Calculate the remainder when 2420200 is divided by 806732.
4
What is the remainder when 12198378 is divided by 3?
0
Calculate the remainder when 25077633 is divided by 533.
516
What is the remainder when 287325 is divided by 143?
38
Calculate the remainder when 232209240 is divided by 6783.
18
Calculate the remainder when 1861608 is divided by 139.
120
What is the remainder when 22978 is divided by 2501?
469
Calculate the remainder when 35109 is divided by 16712.
1685
What is the remainder when 16383839 is divided by 440?
439
Calculate the remainder when 32952 is divided by 712.
200
Calculate the remainder when 7688983 is divided by 18483.
55
What is the remainder when 11811677 is divided by 149?
0
What is the remainder when 7508590 is divided by 1012?
562
Calculate the remainder when 9289129 is divided by 120638.
3
Calculate the remainder when 8905863 is divided by 139.
133
What is the remainder when 135770762 is divided by 491923?
14
What is the remainder when 81790558 is divided by 16?
14
What is the remainder when 1147805 is divided by 365?
245
What is the remainder when 104710950 is divided by 2?
0
Calculate the remainder when 123903 is divided by 772.
383
Calculate the remainder when 39862197 is divided by 1400.
1397
Calculate the remainder when 905140 is divided by 4618.
12
What is the remainder when 164854259 is divided by 30?
29
Calculate the remainder when 448811 is divided by 3805.
3626
What is the remainder when 374736 is divided by 123996?
2748
What is the remainder when 395556 is divided by 78?
18
Calculate the remainder when 2630031 is divided by 111.
108
Calculate the remainder when 51272 is divided by 15485.
4817
What is the remainder when 18449 is divided by 3558?
659
Calculate the remainder when 63544 is divided by 529.
64
What is the remainder when 142473942 is divided by 35618485?
2
Calculate the remainder when 800481 is divided by 3254.
3251
What is the remainder when 333671382 is divided by 83417844?
6
Calculate the remainder when 9566331 is divided by 1826.
1743
Calculate the remainder when 6665098 is divided by 1709.
1707
What is the remainder when 3575411 is divided by 8657?
70
Calculate the remainder when 1557924 is divided by 76.
0
Calculate the remainder when 843054 is divided by 2735.
674
What is the remainder when 21801973 is divided by 295?
293
Calculate the remainder when 174607180 is divided by 18.
16
Calculate the remainder when 2858414 is divided by 238183.
218
What is the remainder when 63103 is divided by 3942?
31
Calculate the remainder when 102251 is divided by 234.
227
What is the remainder when 341568 is divided by 56878?
300
Calculate the remainder when 27255540 is divided by 3028391.
21
What is the remainder when 13836173 is divided by 271?
268
Calculate the remainder when 732963 is divided by 1571.
877
What is the remainder when 3781393 is divided by 17?
15
What is the remainder when 1574065 is divided by 1990?
1965
What is the remainder when 141163 is divided by 456?
259
Calculate the remainder when 66620 is divided by 66485.
135
Calculate the remainder when 7685373 is divided by 113020.
13
What is the remainder when 34074107 is divided by 170370?
107
What is the remainder when 16103539 is divided by 1435?
1404
What is the remainder when 154045 is divided by 2222?
727
What is the remainder when 54869747 is divided by 50?
47
Calculate the remainder when 26876 is divided by 319.
80
What is the remainder when 554517 is divided by 1738?
95
Calculate the remainder when 166854 is divided by 1652.
2
What is the remainder when 4807837 is divided by 534070?
1207
What is the remainder when 163827774 is divided by 3808?
3806
What is the remainder when 232151 is divided by 32909?
1788
What is the remainder when 384872 is divided by 7885?
6392
Calculate the remainder when 80925 is divided by 15963.
1110
Calculate the remainder when 61297598 is divided by 62.
58
What is the remainder when 528779 is divided by 528410?
369
What is the remainder when 88916 is divided by 44434?
48
What is the remainder when 26560524 is divided by 4476?
4416
What is the remainder when 104445 is divided by 9452?
473
Calculate the remainder when 1601 is divided by 531.
8
Calculate the remainder when 2892866 is divided by 28086.
8
Calculate the remainder when 8992264 is divided by 1954.
1910
Calculate the remainder when 1492269 is divided by 497408.
45
Calculate the remainder when 509229150 is divided by 503.
501
What is the remainder when 98806 is divided by 23028?
6694
What is the remainder when 13548 is divided by 5000?
3548
Calculate the remainder when 17592 is divided by 5676.
564
What is the remainder when 110893 is divided by 1913?
1852
What is the remainder when 8849 is divided by 2109?
413
What is the remainder when 15571 is divided by 208?
179
What is the remainder when 7899907 is divided by 254?
253
What is the remainder when 996189 is divided by 249044?
13
What is the remainder when 139079 is divided by 634?
233
Calculate the remainder when 101989 is divided by 14489.
566
What is the remainder when 1046994 is divided by 14338?
320
Calculate the remainder when 3308726 is divided by 5949.
1082
What is the remainder when 630661 is divided by 315181?
299
Calculate the remainder when 3697192 is divided by 1281.
226
What is the remainder when 14152314 is divided by 7020?
7014
What is the remainder when 20340 is divided by 2296?
1972
What is the remainder when 104053708 is divided by 156?
148
Calculate the remainder when 3689456 is divided by 13465.
46
What is the remainder when 24004 is divided by 4795?
29
Calculate the remainder when 130797 is divided by 962.
927
What is the remainder when 2889658 is divided by 1444823?
12
What is the remainder when 554361 is divided by 554323?
38
What is the remainder when 15437452 is divided by 1333?
1312
Calculate the remainder when 21157 is divided by 4332.
3829
What is the remainder when 417416 is divided by 1585?
561
Calculate the remainder when 28914 is divided by 1490.
604
Calculate the remainder when 4496550 is d